27. Is c composite?
False
Let c(x) = -45720*x + 37. Is c(-2) a composite number?
True
Let p be 6*(-10)/9*3. Let m be 7/2 - (-30)/p. Suppose -2*d + 4*n + 442 = 0, 4*d - 1105 = -d + m*n. Is d a prime number?
False
Suppose -1 - 4 = b. Let n(l) = -l**2 - 7*l - 5. Let r be n(b). Suppose 51 = 3*v - 2*p, r*v + 4*p = -0*p + 107. Is v a prime number?
True
Is 2923 + 1 + (-12 - -9) a composite number?
True
Let g(v) = -v**3 + 2*v**2 - 33*v + 5147. Is g(0) a composite number?
False
Let r(k) = -79*k + 93. Is r(-10) a composite number?
False
Suppose -9 = 4*r - 7*r. Let o = r + 2. Suppose 4*a + 3*h + 0*h = 1187, -854 = -3*a + o*h. Is a a prime number?
True
Let y(w) = -2*w**2 + 8*w - 10. Let d(u) = u**2 - u. Let a(j) = 3*d(j) + y(j). Let g be a(-6). Is (3 + -82)*g/4 prime?
True
Suppose 2*j = -j - 1737. Let u = -340 - j. Is u prime?
True
Let w(b) = 62*b + 7. Let g(j) = 247*j - 15 + 14 + 9 + 19. Let l(v) = 2*g(v) - 9*w(v). Is l(-5) a composite number?
False
Let y(q) = 153*q**3 + 3*q**2 - 15*q + 14. Is y(5) a composite number?
False
Let g = 7863 - -10839. Is 3/(-2)*g/(-27) composite?
False
Let l be 1/2*(3 - (8 - 3)). Is (-3 - (l + (0 - 4))) + 539 a prime number?
True
Let z be ((1 + -3)*2)/(0 - 2). Suppose 3*v - 2*g = 4485, -6*g + z*g + 12 = 0. Is v prime?
False
Let z = -193 + 610. Let f = -8 + z. Is f a prime number?
True
Let r(j) = 437*j**2 + 9*j + 23. Let d be r(-6). Let p = d - 10614. Is p a prime number?
True
Suppose 2322 - 646 = 4*h. Is h a prime number?
True
Let y = 38 + -38. Suppose -3*c + 311 - 32 = y. Is c a prime number?
False
Let d = -82 + 281. Suppose -2*w = -99 - d. Suppose -4*g + 25 - 266 = -5*l, -2*g = 3*l - w. Is l a prime number?
False
Is 4963 + (-2 - -5) + -3 prime?
False
Let p = 1134 + -1130. Let q = 67 - -862. Suppose -3*b + 839 = p*f - q, 0 = -3*b - 12. Is f composite?
True
Let i = 69 + 21. Let a = i + 353. Is a composite?
False
Let q be ((-27)/21)/3 - 654/42. Is q/(-7) - (-14)/(-49) prime?
True
Let v(y) = -23*y**3 - 58*y**2 + 15*y - 11. Is v(-11) prime?
False
Is -5 - -3 - (2 - 4667) prime?
True
Suppose 7*m = 3*m - 184. Let y = m + 137. Suppose -32 = -o + y. Is o prime?
False
Suppose 0 = -2*f - 3*f + 19025. Is f prime?
False
Let i = -6 - -4. Let z be (-24)/(-9)*9/(-4). Is (-4 - z)/i + 902 a composite number?
True
Let c = 45 + -45. Suppose 5*p - 1122 - 988 = c. Is p a composite number?
True
Suppose -298 = -4*h + 662. Suppose o - 6*o = -h. Suppose -u + 65 = -o. Is u a composite number?
False
Suppose 0 = 3*b + 80 + 589. Let r = b + 506. Suppose -3*h - 118 = -r. Is h prime?
False
Let b = 564 + -937. Let w = b + 535. Suppose 0 = 3*n + 3*h - h - 229, h + w = 2*n. Is n prime?
True
Let n(i) = 9702*i**2 - 15*i + 14. Is n(1) a composite number?
True
Let r = 5 - -60. Suppose y = 2*y - 2. Suppose 0*n + 2*n + 5*v - 67 = 0, -y*n = 3*v - r. Is n prime?
True
Suppose 5*j = -725 + 190. Suppose -5*c = -1207 + 107. Let q = j + c. Is q prime?
True
Let j = 130389 + -92570. Is j a composite number?
True
Let s = -2806 + 4827. Is s prime?
False
Let v = 1957 + -1158. Is v a composite number?
True
Suppose -3*b + 60 = -0*b. Let s = b - 19. Is (-2*149/(-2))/s prime?
True
Let m(x) = -x**3 + 11*x**2 + 10*x + 17. Let u be m(12). Let t(k) = k**3 + 6*k**2 - 8*k - 2. Let f be t(u). Is -1 + 5/(f/24) prime?
True
Let c(g) = 10*g**2 + 21*g + 6. Let q be c(-21). Suppose -h = 4*k - 4322, q = 4*k + 5*h - 339. Is k a composite number?
True
Suppose 8 = n - 0*n - 3*j, -j - 8 = 5*n. Let v be n/(-6) + 121/66. Suppose 0 = -m - v*m + 597. Is m a prime number?
True
Suppose 4*k + 4*o = 8, -5*o - 30 = -3*k - 2*k. Let c = k - 0. Is (c/(-8))/((-1)/298) a composite number?
False
Suppose 3*c + 32 = -0*c - 5*f, -3*c - 4*f - 28 = 0. Is (0 + 1511/c)/(7/(-28)) a composite number?
False
Let r(a) = 4642*a + 1. Is r(1) a prime number?
True
Suppose -h + 4*k + 20 = 3*h, 3*k = -4*h - 15. Let g be -3 + 3 - -3 - h. Suppose 4*j + 1819 = 7*u - 2*u, 3*u + g*j = 1113. Is u prime?
True
Suppose -7 = 3*h - 4. Let d be 3 + (0 - -139) - h. Suppose 2*t - t = d. Is t a composite number?
True
Is (13 - 11)*9962/4 a composite number?
True
Let r be ((-48)/(-18))/(2/342). Let i = r + -256. Let u = i - 142. Is u prime?
False
Let r be -2 + (-40)/(-5) + -4. Suppose 2*t = 0, -t - r*t = -l + 37. Is l prime?
True
Let p(c) = c**2 + 3*c. Let x be p(-4). Let u = -8 + x. Is u/(-10) - 204/(-15) prime?
False
Let y = -43 + 43. Suppose -7*p + 54 + 2095 = y. Is p composite?
False
Let b be 3501/(-4)*(3 - -1). Let j = 6528 + b. Is j a composite number?
True
Let s = 292 + -600. Suppose 2*i - 148 + 1186 = 0. Let r = s - i. Is r a composite number?
False
Let t = 1 - 0. Let l(k) = -k**2 + k. Let c(y) = 18*y**3 + 4*y**2 - 2*y - 1. Let q(i) = c(i) + 3*l(i). Is q(t) composite?
False
Let w = -6451 - -11333. Is w a composite number?
True
Suppose -4*k = a - 0*a - 6, -3*a - 4*k - 14 = 0. Let q(n) = 4*n**2 - 2*n - 23. Is q(a) a composite number?
False
Is -6 + (7 - 9) + 39799 prime?
True
Let z be (-44)/6 + (-2)/(-6). Let f(n) = -49*n + 15. Let l(o) = 25*o - 8. Let s(d) = -2*f(d) - 5*l(d). Is s(z) prime?
True
Suppose 0 = -5*o + l + 43406, 8680 = 5*o - 4*o + l. Is o composite?
False
Suppose -3*d - 5*g = -0*g + 9503, 2*d = -3*g - 6335. Is (d/6)/(3/(-9)) composite?
False
Let z be 4*(-4 + (-9)/(-2)). Suppose z*d = d + 1166. Let w = 1923 - d. Is w prime?
True
Suppose 0 = -p + 2*s - 1854, -6*s = -2*p - 4*s - 3700. Let o = -959 - p. Is o a prime number?
True
Let h(u) be the first derivative of 13*u**5/120 - u**4/6 + 5*u**3/3 - 5. Let p(c) be the third derivative of h(c). Is p(2) prime?
False
Let w(t) = -219*t - 14. Let b be 1 + (-25)/5 - 1. Is w(b) composite?
True
Is 33/21 - 2 - 2308872/(-357) composite?
True
Suppose -3*a - 2 = -0*i + 2*i, 3*i = 2*a + 10. Let j(u) = 10*u + 1. Let m be j(a). Let z = -5 - m. Is z a prime number?
False
Let z(l) be the first derivative of -l**4/4 - l**3/3 + 3*l**2/2 - 6*l - 4. Let k be z(-7). Suppose -4*p + k = -41. Is p a composite number?
True
Let w(d) = -3*d + 1. Let u = 10 + -8. Let j be w(u). Is j/2*(-106)/5 prime?
True
Suppose 4*n - 44895 = -3*j, -5*j + 74848 = -6*n + 5*n. Is j a composite number?
False
Let w(c) = 2*c + 2. Let m be w(12). Suppose 0 = b - g + 3*g - 2, -4*b = 2*g - m. Suppose -45 = -u + b. Is u composite?
False
Let r be 497/21 + (-1)/(-3). Let p = r + -19. Suppose 841 = p*j - 729. Is j a prime number?
False
Is ((-23)/(-4))/(8/32) a composite number?
False
Suppose -3*f + 21044 = 4*m, -3*m + f + 15783 = -0*m. Is m a composite number?
False
Suppose -i + 4223 = -2*u, 2*i + i - 12639 = -4*u. Suppose 2*m - i = -943. Is m composite?
False
Let n(f) = -4*f**3 + 34*f**2 - 10*f - 21. Is n(-11) a composite number?
True
Suppose -5*v = 4*n - 30, n + 0*v = 3*v - 1. Suppose -4*m + n*f + 501 + 303 = 0, m - 2*f = 198. Is 1 + m + (-8 - -10) prime?
False
Let i(q) = 259*q + 31769. Is i(0) prime?
True
Let q(f) = 9*f**2 + 65*f + 29. Is q(-27) a prime number?
False
Let i = -4 + 6. Suppose -2 = -2*h - 3*c, 5*c - 3 = -i*h - 5. Suppose 56 = h*m - 156. Is m a prime number?
True
Let x(a) = -482*a**3 - 4*a**2 - 3*a - 8. Is x(-3) composite?
False
Let d = 237 + 416. Is d composite?
False
Is (-4785)/(-5) + (7 - 11) prime?
True
Suppose 25*u - 22*u + 333 = 0. Is (-13)/(-3*(-1)/u) a prime number?
False
Let t(j) = -j**2 + 9*j + 1. Let r be t(10). Is (r/(270/24))/((-2)/115) composite?
True
Let w be (4/(-6))/((-2)/9). Suppose -w*m + 1333 = -2*v, -m - m = v - 884. Is m a composite number?
False
Suppose -2018 = -208*z + 206*z. Is z a prime number?
True
Suppose 2*k - 28 = 2*j, -k + 2 = j - 2. Let h be 3*(-2 + 1680/k). Suppose h = 3*a - 91. Is a prime?
False
Suppose 0 = 2*y + 2*u - 7214, -4*u - 20635 = -5*y - 2600. Is y a prime number?
True
Suppose 2*f = 4*f + 556. Let d = 1941 - f. Is d prime?
False
Let q(x) = 4*x**2 + 4*x + 80. Let m(u) = u**2 + 6*u - 3. Let b be m(-6). Let h(y) = 5*y**2 + 5*y + 81. Let g(p) = b*h(p) + 4*q(p). Is g(0) composite?
True
Let c = 7 - -5. Let z = c + -12. Suppose -5*q + 339 + 1126 = z. Is q a prime number?
True
Let o be (-776)/10 - (-39)/65. Let q = o + 110. Is q a prime number?
False
Let a = -17 + 12. Let p be (-1)/1 - (a - -4). Suppose x + p*x - 89 = 0. Is x a composite number?
False
Let u(h) = 2*h**2 + 17*h - 24. Let m(i) = i**2 + 8*i - 12. Let q(j) = -11*m(j) + 6*u(j). Is q(-15) prime?
True
Let y(h) = 71*h**2 + 7*h 